148, 0 = c*o + 5*k - 2100. What is the tens digit of o?
2
Suppose 5*v = 15 - 5. Suppose 4*n = 2*o + 68, n - 27 = -v*o - 0*o. What is the units digit of n?
9
Suppose 3*t = -4*g + 10616, 129*g - 5 = 128*g. What is the units digit of t?
2
Let v be ((-682)/62)/(1/(-43)). Let q = 930 - v. What is the tens digit of q?
5
Suppose -230*w + 128220 = -218*w. What is the ten thousands digit of w?
1
Let w(m) = m**2 - 20*m + 27. Let v be w(19). Let y be (-5)/(-7) - v/(-28). Let h(c) = 2*c**3 + 3*c**2 - 2*c. What is the units digit of h(y)?
3
Let c = 21 + 4343. Suppose 0 = t + 3*m - 1547, -4*t - m + c + 1824 = 0. What is the units digit of t?
7
Let a be (-18*(-2)/(-4))/((-3)/646). Suppose a = 15*s - 2427. What is the units digit of s?
1
Let j = 11534 - -2693. What is the units digit of j?
7
Let f = 96 + -91. Suppose -15*r + 10*r - f*c + 1885 = 0, 15 = 5*c. What is the tens digit of r?
7
Let q be 2*(-4)/32 + (-4797)/(-4). Suppose 3*d + l - q = -0*d, -d + 3*l = -413. What is the units digit of d?
1
Let u be 54*7/(84/200). Suppose 0 = -2*z - 3*f + 360, 2*z = 7*z + 4*f - u. Suppose 6*m - 4*m - z = 0. What is the tens digit of m?
9
Let s(y) = 4*y**2 - y - 5. Let u(h) = -h + 1. Let z(n) = n**3 + 12*n**2 + 12*n + 12. Let p be z(-11). Let m(q) = p*u(q) + s(q). What is the units digit of m(3)?
6
Suppose -3*v = 3*c - 522, 4*v - 7*v = -3*c - 546. Suppose t - v = -t. Let p = 195 + t. What is the tens digit of p?
8
Let g = 1260 - -214. Let t = -1015 + g. What is the tens digit of t?
5
Suppose 3*j = -4*z, -10*z = -9*z + 2*j. Suppose 4*a - 4*o = -z*o + 1152, -3*a = -4*o - 868. What is the tens digit of a?
8
Let z = 28128 + -19800. What is the units digit of z?
8
Let i = 879 - 614. What is the hundreds digit of (2332/i)/((-2)/(-180))?
7
Suppose -17*b = 235 - 31. Let h(k) = -34*k + 89. What is the hundreds digit of h(b)?
4
Let d = -404 + 407. Let t(o) = 84*o**2 + 16*o - 36. What is the tens digit of t(d)?
6
Let m(h) = h**3 + h - 5. Let y(f) = 3*f**3 + 3*f - 10. Let v(b) = 7*m(b) - 3*y(b). What is the tens digit of v(-3)?
5
Suppose 2*p - 3*k = -0*p + 3495, k = -3*p + 5226. Let v = p + -949. What is the tens digit of v?
9
Let x = 23771 + -16867. What is the hundreds digit of x?
9
Let x = 2011 + -847. Let n = -671 + x. What is the units digit of n?
3
Suppose 256 + 104 = 12*j. Let h = 105 + -48. Let r = h - j. What is the units digit of r?
7
Suppose -5*k = 5*f - 5295, -16 = -4*f - 2*k + 4220. Let j = f - 496. What is the hundreds digit of j?
5
Let a = -123 - -125. Suppose -r = 2*h + a*h - 1445, -1447 = -4*h - 3*r. What is the units digit of h?
1
Let v(l) = -5297*l + 82. What is the hundreds digit of v(-1)?
3
Let w be ((-14)/21)/(3/((-63)/2)). Suppose 0 = 2*y - a - 347, w*y - 676 = 3*y - 4*a. What is the tens digit of y?
7
Suppose 13455*l - 13450*l = 8050. What is the tens digit of l?
1
Let d = -2723 + 6005. Let q = -1853 + d. What is the units digit of q?
9
Let p(z) = -10*z**2 - 12*z + 34803. What is the thousands digit of p(0)?
4
What is the tens digit of (-1)/(-5) - 10/(-20)*203716/10?
8
Let w(v) = v**2 - 12*v + 18. Let b be w(16). Suppose 5*m = i - b, 4*m - 131 + 9 = -2*i. What is the units digit of i?
7
Let v(s) = 46*s - 499. What is the thousands digit of v(57)?
2
Let n(l) = -2*l - 34. Let z be n(-30). Suppose 0*m + 13*m - z = 0. Let q(v) = 36*v**2 + 9*v - 9. What is the hundreds digit of q(m)?
1
Suppose 2*t = 4*m + 222, -169 = -2*m + 5*m + t. Let x = m + 61. Suppose 3*p = -x*p + 160. What is the units digit of p?
0
Suppose 0 = -44*f + 175175 + 90321. What is the thousands digit of f?
6
Let l(o) = 34*o**2 + 301*o - 64. What is the thousands digit of l(19)?
7
Suppose 3*b - 37 = -2*b - 4*m, 0 = 3*b - 5*m. Suppose -4*v + 4*k = -920, 9*k - 240 = -v + b*k. What is the tens digit of v?
3
What is the hundreds digit of (-4)/3 + ((-329859)/855)/(9/(-590))?
2
Let c(y) = 4531*y**2 + 17*y - 29. What is the units digit of c(2)?
9
Suppose -6*y + 70283 = -58928 + 41023. What is the ten thousands digit of y?
1
Let s(x) = 66*x + 1. Suppose 2*t - 5*t + 81 = -q, -q - 81 = -5*t. Let l = q + 83. What is the tens digit of s(l)?
3
Let u(w) = 9*w - 311. Let c be u(35). What is the tens digit of c/18 - (-336920)/180?
7
Let q(n) = -5*n**3 - 3*n**2 - 26*n + 18. Let h(u) = 27*u**3 + 15*u**2 + 131*u - 90. Let c(w) = 2*h(w) + 11*q(w). What is the units digit of c(-8)?
0
Let x(s) = 8*s**3 - 7*s**2 + 6*s + 2. Let h be x(4). Suppose -u = -h - 49. Let c = u - 309. What is the hundreds digit of c?
1
Suppose 184*g - 101*g - 452682 = 0. What is the hundreds digit of g?
4
Suppose -c + 1768 + 596 = 4*y, -4*c = 4*y - 2352. Let k = y - 59. What is the units digit of k?
3
Let h(a) = 4*a**2 + 141*a - 162. What is the tens digit of h(-52)?
2
Suppose -3*v - 2023 = -2*p + 11386, p - 5*v = 6680. What is the hundreds digit of p?
7
Let c be (-4 + 4)/6 - (1 + -1). Suppose x = 3*x - 60. Suppose f = c, -w - 2*f + x = -93. What is the tens digit of w?
2
Suppose v + 2 + 103 = 0. What is the tens digit of (-8)/60 + (-4844)/v?
4
What is the thousands digit of 276/828 + (-282934)/(-6)?
7
Let w(c) = 38*c**2 + 4*c + 11. Suppose -16*t + 12*t = -y - 15, 0 = -5*y - t + 30. What is the units digit of w(y)?
1
Let h = 1829 + -1819. Let x = 46 - 26. Suppose -r - t + x = 0, -h*r + 2*t + 85 = -7*r. What is the tens digit of r?
2
Let h = 1054 + -1549. Let a = 88 - h. What is the units digit of a?
3
Let i(v) = -v**2 + v. Let q(o) = 8*o**2 + 5*o + 6. Let t(k) = 5*i(k) + q(k). Let z be t(-10). Let c = z + -144. What is the tens digit of c?
6
Let h(k) = -1079*k + 5236. What is the thousands digit of h(-35)?
3
Let z = 608 - 1160. Let n = z + 981. What is the tens digit of n?
2
Let m(d) = 348*d**2 - 278*d + 1449. What is the hundreds digit of m(5)?
7
Let m(g) = -g**3 - 64*g**2 - 32*g + 20. What is the hundreds digit of m(-65)?
3
Let r be (-27)/90*-15*(-8)/(-6). What is the hundreds digit of ((-4)/r)/(-8 - 99785/(-12474))?
1
Let r be (-5)/(-10)*31225*8/10. What is the hundreds digit of (-1)/3 - (r/(-30) + -7)?
4
Let z be 0 - 1 - (14 - 69). Let u = z + -50. Suppose u*p = 10*p - 198. What is the units digit of p?
3
Suppose -114*y + 3042907 - 107407 = 0. What is the thousands digit of y?
5
Let g = -22 + 12. What is the units digit of 112644/140 - 4/g?
5
Let m be 4 - (-2 + 6) - (-2 - 0). Suppose 16 = -m*x + 20. Suppose 5*l - 10 = 0, 3*i = -x*i - 2*l + 534. What is the hundreds digit of i?
1
Let v(q) = -3*q + 33. Let d be v(10). Let b be -4 - d/(6/(-16)). Suppose -l - 2*l + 5*h + 133 = 0, -l = -b*h - 35. What is the units digit of l?
1
Suppose -4*y + 2*y = -8, 6344 = 4*g - 3*y. What is the tens digit of -1*2/((-14)/g)?
2
Let o be 3*((-12)/(-9) - 1). Let m = o - -3. Suppose 36 = m*w + 4*q, -2*q = 2*q - 20. What is the units digit of w?
4
Let v(j) = 61*j**2 + 25*j + 464. What is the ten thousands digit of v(22)?
3
Suppose 136*k = 137*k - 2436. What is the hundreds digit of k?
4
Suppose -33 = -v - 38. What is the hundreds digit of (102/v)/(-1 - 1122/(-1140))?
2
Let h = 4369 - -4818. What is the units digit of h?
7
Let h(d) = 145*d**2 + 421*d - 61. What is the hundreds digit of h(-17)?
6
Suppose 5*s + 2*j - 3*j = 20, -2*j = -4*s + 22. What is the tens digit of s - ((-1092)/(2/1) - -4)?
4
Let h = -208 - 229. Let m = 251 + h. Let c = m - -439. What is the hundreds digit of c?
2
What is the ten thousands digit of (27 - 7260/40)*-146?
2
Let z(n) = 371*n**2 + 54*n + 376. What is the hundreds digit of z(-5)?
3
Suppose 4*f = -2*s - 6, 4*f + 8 = 5*s - 19. Suppose -11 - 1 = 4*b, -5*w + 16 = s*b. Let q(t) = 9*t**2 + 2*t - 11. What is the units digit of q(w)?
4
Let r be (-22 + 0)*(0 - 1). Let l = -48 + r. What is the tens digit of 4 + 1 - 4 - l?
2
Let t be (8 - 11) + (1 - -17). Suppose 9*u + 2688 = t*u. What is the tens digit of u?
4
Suppose 3*c - 22 = 4*m, 2*m - 5*c + 15 + 3 = 0. Let y(g) = -4*g**3 - 11*g - 14. What is the tens digit of y(m)?
8
Let b(v) be the third derivative of -v**5/60 + 37*v**4/24 + 35*v**3/2 - 83*v**2. What is the units digit of b(26)?
1
Let w be -4*(-1)/2 - (236 - 3). Let r = w + 557. What is the hundreds digit of r?
3
Let u be (-1 + 3 + -3)*1. Let x(l) = -2*l**3 - l**2 + 1. Let k be x(u). Suppose 3*p - k*t = 78, 0 = -t - t + 6. What is the units digit of p?
8
Let v be (-3)/2*(0 + -6). Suppose -x + b = 3 - 19, 4*b = -5*x + 98. What is the 